ber?
False
Is 1662439 a prime number?
True
Is 440061467 prime?
True
Is 1546463 composite?
False
Is 20607413 a composite number?
False
Is 7032313 a composite number?
False
Is 4413531 a prime number?
False
Is 76450789 prime?
True
Is 30246913 a composite number?
True
Is 121000093 a prime number?
False
Is 8243033 composite?
False
Is 10857521 composite?
False
Is 227517337 composite?
True
Is 125518997 a composite number?
True
Is 5494169 a prime number?
True
Is 13724339 a prime number?
True
Is 28877491 composite?
True
Is 15722951 a composite number?
False
Is 104819731 prime?
True
Is 668813 a composite number?
False
Is 19784309 prime?
True
Is 257343 prime?
False
Is 142451 a composite number?
True
Is 5779387 a composite number?
False
Is 16475297 prime?
False
Is 254393569 prime?
False
Is 31410545 a composite number?
True
Is 613507 a prime number?
True
Is 23472811 a composite number?
True
Is 5023469 prime?
False
Is 16726559 composite?
True
Is 6346429 a composite number?
True
Is 1132213 a prime number?
False
Is 4689661 a prime number?
True
Is 1248323 a composite number?
False
Is 14809399 prime?
False
Is 301006499 prime?
True
Is 6206449 composite?
False
Is 870083 composite?
False
Is 4406191 prime?
False
Is 24377033 a composite number?
True
Is 25445677 a composite number?
True
Is 7456129 composite?
True
Is 439987 a composite number?
True
Is 60778577 prime?
False
Is 663047897 prime?
False
Is 402351905 composite?
True
Is 22534013 composite?
False
Is 11536411 composite?
True
Is 22347431 prime?
True
Is 22432037 composite?
False
Is 1209305 prime?
False
Is 43266823 a prime number?
True
Is 12384821 a composite number?
True
Is 22896907 a prime number?
False
Is 14299687 a prime number?
True
Is 60730009 a composite number?
False
Is 4807111 a composite number?
True
Is 102367 a prime number?
True
Is 3389759 a composite number?
True
Is 993295 a prime number?
False
Is 26354869 a composite number?
False
Is 369043343 prime?
False
Is 2852303 a prime number?
True
Is 9457189 composite?
True
Is 383519 prime?
True
Is 5241883 a prime number?
False
Is 7206581 prime?
True
Is 5081369 a prime number?
True
Is 127800671 a prime number?
True
Is 41814541 a composite number?
True
Is 277361 composite?
True
Is 16815271 composite?
True
Is 4739947 prime?
True
Is 19819489 a prime number?
False
Is 16391909 a prime number?
True
Is 995003 a prime number?
False
Is 1194707 a prime number?
True
Is 1776067 composite?
False
Is 10104841 a composite number?
True
Is 688620599 composite?
False
Is 137229881 composite?
False
Is 148472861 a prime number?
True
Is 21402791 a composite number?
True
Is 41285399 a composite number?
True
Is 17000647 a composite number?
True
Is 6137377 a composite number?
True
Is 150391019 prime?
False
Is 9229613 a composite number?
True
Is 4190897 composite?
True
Is 223658027 a composite number?
True
Is 6921943 prime?
False
Is 748478 a composite number?
True
Is 865987 a composite number?
True
Is 194396991 prime?
False
Is 732521 prime?
True
Is 864533 prime?
True
Is 247950485 composite?
True
Is 16473809 composite?
True
Is 1026921921 prime?
False
Is 3044159 a prime number?
False
Is 107860033 a prime number?
True
Is 11923663 a prime number?
True
Is 104829307 composite?
True
Is 7792979 prime?
False
Is 8592097 prime?
True
Is 1465319 a composite number?
True
Is 1098659 a prime number?
False
Is 33363787 composite?
True
Is 3896777 composite?
False
Is 143990411 composite?
False
Is 35859011 prime?
True
Is 49732583 a composite number?
False
Is 262419233 a prime number?
True
Is 1549258 a composite number?
True
Is 14406881 prime?
False
Is 177117217 a composite number?
True
Is 262352249 composite?
True
Is 656879909 prime?
False
Is 13033019 a composite number?
True
Is 17258401 a prime number?
True
Is 538730209 prime?
False
Is 1236307 a composite number?
False
Is 1026701 prime?
False
Is 73690039 composite?
True
Is 76997119 a composite number?
False
Is 6034559 a prime number?
False
Is 228634177 a composite number?
True
Is 518411 a composite number?
False
Is 19393487 composite?
False
Is 1251287 composite?
False
Is 23828993 a composite number?
False
Is 2401069 a prime number?
False
Is 20964253 a composite number?
False
Is 11810977 prime?
False
Is 8157029 a composite number?
False
Is 77080501 composite?
False
Is 129262933 prime?
False
Is 113604893 a prime number?
True
Is 11416607 a prime number?
True
Is 18172823 prime?
True
Is 2242187 composite?
False
Is 125603051 a composite number?
True
Is 3483709 a composite number?
False
Is 822949 a composite number?
False
Is 18924259 composite?
True
Is 28698923 a composite number?
True
Is 1660233 composite?
True
Is 37964123 prime?
True
Is 44068723 a composite number?
True
Is 7017761 a composite number?
False
Is 217986253 a composite number?
False
Is 354515701 prime?
True
Is 235905407 a prime number?
False
Is 39713659 a prime number?
True
Is 72343259 prime?
False
Is 385550227 composite?
True
Is 34586477 composite?
False
Is 28787173 composite?
True
Is 166762033 composite?
True
Is 75073181 a prime number?
True
Is 30755903 a prime number?
False
Is 16959559 prime?
True
Is 2445067 composite?
False
Is 741619681 composite?
True
Is 844111 a prime number?
True
Is 35982337 composite?
True
Is 48640049 prime?
True
Is 17535571 a prime number?
True
Is 47672173 prime?
True
Is 63635603 a composite number?
True
Is 93007553 composite?
True
Is 304818113 a composite number?
True
Is 19093667 composite?
False
Is 132978467 a prime number?
True
Is 14275297 a prime number?
True
Is 897191 composite?
False
Is 834451 composite?
True
Is 29889623 a prime number?
True
Is 132466057 a composite number?
True
Is 31692371 a composite number?
False
Is 1056653 composite?
True
Is 59397389 a composite number?
False
Is 3956947 prime?
False
Is 3208879 a composite number?
True
Is 7071587 a composite number?
False
Is 95407877 prime?
True
Is 39537181 composite?
False
Is 31710293 a composite number?
False
Is 830549 prime?
True
Is 3475345 a prime number?
False
Is 4019423 prime?
False
Is 20246365 a composite number?
True
Is 5254193 prime?
False
Is 32402143 composite?
False
Is 39208801 a composite number?
True
Is 14697563 a composite number?
False
Is 198221 a prime number?
True
Is 5728477 composite?
False
Is 1931091 composite?
True
Is 6189311 a prime number?
False
Is 19047551 prime?
True
Is 4033889 a prime number?
False
Is 12382093 composite?
False
Is 44894427 a composite number?
True
Is 2277761 a composite number?
True
Is 118566061 prime?
False
Is 188700077 a prime number?
False
Is 13782299 composite?
False
Is 30375041 composite?
False
Is 293977 a prime number?
False
Is 3071423 a prime number?
False
Is 1260817 composite?
True
Is 3916849 prime?
True
Is 20210781 composite?
True
Is 95451887 prime?
False
Is 288116861 prime?
True
Is 25282661 a composite number?
True
Is 21938401 prime?
True
Is 2374007 composite?
False
Is 19035851 a composite number?
True
Is 205383943 a prime number?
True
Is 21158374 composite?
True
Is 2715683 composite?
False
Is 303442117 composite?
True
Is 672445 a prime number?
False
Is 6098 a prime number?
False
Is 142236733 composite?
True
Is 65767727 a prime number?
True
Is 56041081 composite?
True
Is 5191189 composite?
True
Is 13118933 a composite number?
True
Is 1785401 prime?
True
Is 1912973 a composite number?
True
Is 5202293 composite?
False
Is 106005287 a prime number?
True
Is 1937567 a prime number?
False
Is 53353 a composite number?
False
Is 7695541 a prime number?
False
Is 9470021 composite?
True
Is 47185527 a composite number?
True
Is 54366341 a composite number?
False
Is 26062658 prime?
False
Is 216162403 a composite number?
False
Is 25956043 a prime number?
True
Is 66801167 prime?
True
Is 10694381 a prime number?
True
Is 3972317 a composite number?
True
Is 20001439 a prime number?
True
Is 75050539 prime?
True
Is 668029319 a prime number?
False
Is 12900661 composite?
False
Is 36671086 a prime number?
False
Is 180428861 prime?
True
Is 3301357 prime?
True
Is 604144831 a prime number?
True
Is 1822633 a composite number?
False
Is 514229 a prime number?
True
Is 76035119 a composite number?
True
Is 31948327 a composite number?
False
Is 2277789 prime?
False
Is 1459709 a prime number?
True
Is 17105597 a composite number?
False
Is 5398297 prime?
True
Is 5287911 a composite number?
True
I